
4
Let b(a) = -74*a**3 - 19*a**2 - 17*a - 70. What is the tens digit of b(-6)?
3
Let m = 6980 - -943. What is the thousands digit of m?
7
Let t(x) = -x**3 - 7*x**2 + 14*x - 13. Let w be t(-17). Suppose w = n + 6*n. What is the hundreds digit of n?
3
Let z(y) = 101*y - 23. Let b be z(-3). Let v = b - -564. What is the units digit of v?
8
Suppose 1053 = 5*t + 2*c, 4*t + 0*c = 3*c + 847. Suppose 4*b - 2*n + t - 1955 = 0, b - 427 = -4*n. Suppose -4*p - p + b = 0. What is the tens digit of p?
8
Let i = -541 + 552. Let o(a) = 126*a - 214. What is the thousands digit of o(i)?
1
Let i = 50 - 45. Suppose -f - 4*s + 85 = 0, -i*s = -4*f + 88 + 252. What is the units digit of f?
5
What is the thousands digit of ((-20)/(-1140)*169537)/((-2)/(-6))?
8
Let n = 3222 - 4699. Let w = n - -2844. What is the tens digit of w?
6
Suppose -15*t = -38*t + 170225 - 45588. What is the tens digit of t?
1
Let g(p) = -1561*p - 1181. What is the tens digit of g(-3)?
0
Let t = -11929 - -16827. What is the hundreds digit of t?
8
Suppose -7936 = -9*v + 3125. Suppose 8*n - 195 - v = 0. What is the hundreds digit of n?
1
Suppose -5*a - 5*g = -10, -7*a + 2*a + 4*g + 10 = 0. Let f(l) = -5*l**2 + l - 50 + 6*l**a + 67. What is the units digit of f(0)?
7
Suppose 0 = -3*m - 172 + 184. Suppose -1062 = -m*y + 414. Suppose t = -114 + y. What is the tens digit of t?
5
Let m(w) = w**3 + 7*w**2 - 2*w - 4. Let r be m(-5). Suppose 2*l - 2*s = 184, 40*l - 43*l + 5*s = -274. Let d = l - r. What is the tens digit of d?
3
Suppose -2*w - 23 = 2*a - 21, 0 = 4*w - 12. What is the hundreds digit of (186/a)/(17/(-408))?
1
Suppose 0 = 2*m - 29 + 185. Let b = -11 - m. Let p = 136 - b. What is the units digit of p?
9
Let a(t) = -19*t + 16. Let i(q) = -40*q + 33. Let m(g) = 5*a(g) - 3*i(g). What is the tens digit of m(11)?
5
Suppose -2 = 2*g, 2*l + g + 1 = -l. Let s(x) = 4*x + l*x + 4*x + 7*x + 8*x**2 - 3. What is the tens digit of s(-7)?
8
Suppose -t = 4*b, 0 = -t + 5*b + 6 + 12. Let z(c) = 21*c**2 - t - 8 - 19*c**2 - 28*c. What is the tens digit of z(15)?
1
Let d(k) = 4*k - 2. Let b be d(1). What is the tens digit of ((-15)/5)/(b/(-500))?
5
Suppose 0 = 2*j - 6*j + 16. Let b be -6 + 205/30 + 15/(-18). Suppose 2*f - h = -b*f + 241, j*f - 447 = -5*h. What is the hundreds digit of f?
1
Let k(z) = 301*z**2. Let b be k(-1). Suppose 2*x = 5*w - w - 272, -669 = 5*x + w. Let g = b + x. What is the tens digit of g?
6
Suppose 617 = p - 4*d - 282, 0 = 6*d - 24. What is the tens digit of p?
1
What is the tens digit of (-61138200)/(-2422) + (-12)/14?
4
Let p be (6/(-5))/((-30)/50 - -1). Let q(b) = -2*b**2 - 4*b - 3. Let v be q(-2). What is the tens digit of v - (0 - (51 + p))?
4
Suppose -103 = v + 341. Let s = v + 926. Let h = 737 - s. What is the hundreds digit of h?
2
Suppose 113*p - 65 = 100*p. Suppose -4*m = -p*k + 2660 - 6947, -5*m + 5385 = -k. What is the units digit of m?
8
What is the units digit of (-798654)/(-12) + (((-63)/(-14))/(-1) - -4)?
4
Suppose 3*v + 19 + 41 = 0. Let k be (0 + v)/(-5) - 140. Let a = -54 - k. What is the units digit of a?
2
Let z = -44 + 22. What is the units digit of (-2 - 8)/(z/110)?
0
Let w = 67 + -358. Let v = w - -840. What is the units digit of v?
9
Let l(r) = -r**3 + 5*r**2 + 12*r - 6. Let s be l(6). Let q be 0 - ((-6)/10)/(2/s). Let x(t) = 25*t - 21. What is the units digit of x(q)?
4
Suppose 2*v - 2551 = -b, b + 41*v - 38*v = 2544. What is the thousands digit of b?
2
Suppose -2*c = -5 + 3. Let h = c + 2. Suppose 2*z - h*n - n - 234 = 0, 5*n = -3*z + 329. What is the hundreds digit of z?
1
Let c be (-16230)/8 - (-4)/(-16). Let a = c + 3019. What is the units digit of a?
0
Suppose -45 = 3*o - 768. Suppose o = -g + 681. Suppose 21*r = 17*r + g. What is the units digit of r?
0
Let n(a) = -2*a**2 - 5*a + 25. Let y be n(-5). Let g(f) = -4*f + 93. What is the tens digit of g(y)?
9
Let z(m) be the first derivative of m**3/3 + 15*m**2/2 - 98*m - 13. What is the units digit of z(-20)?
2
Let b be ((-330)/9)/(-2)*(4 + 209). What is the tens digit of 3/(-4) - b/(-44)?
8
Suppose -4*n - 4*a = -79684, 295*n - 299*n + 79674 = 2*a. What is the units digit of n?
6
Let j = 432 + 556. What is the units digit of j?
8
Suppose 132 = -7*l - 4*l. Let r(g) = 3*g**2 - 11*g + 26. Let m be r(l). Suppose -2*b + m = 3*b. What is the tens digit of b?
1
Let r(m) = 6*m - 2. Let y be r(6). Suppose 3*a = -4*k + y + 37, -k - 1 = 0. Let v = 39 - a. What is the units digit of v?
4
Suppose 21*g = -28*g - 9252 + 170903. What is the thousands digit of g?
3
Let n = 770 + -764. Let z = 12 + 1. What is the units digit of z/39*(n + 0)?
2
Suppose -6*t + t - 5*m = 5, 3*t + 4*m = -6. Suppose 3*d + 0*d = -t*r + 80, 2*d = 2*r + 40. What is the units digit of d?
4
Suppose 29 - 22 = -r. What is the units digit of r + 34 - 8/2?
3
Let m = 2745 + 17002. What is the hundreds digit of m?
7
Suppose -4*g - 1 = -c + 13, 5*c = -3*g - 22. What is the units digit of (-194)/(g/8*(6 - 5))?
8
What is the thousands digit of (-33980)/((-7)/15 - (-63)/(-315))?
0
Let t(n) = -n**2 - n - 1. Let w be t(-2). Suppose 0 = -58*h - 29*h - 6003. What is the units digit of (-1 + h)/(-5 - w)?
5
Let w = 17617 + -9937. What is the tens digit of w?
8
Let l(c) = -97*c + 116*c + 51 - 95*c. Let v be l(-6). Let w = 715 - v. What is the units digit of w?
8
Suppose -12*m + 232*m = 3995420. What is the hundreds digit of m?
1
Let p be (-148238)/266 + 4/14. Let u = 1013 + p. What is the units digit of u?
6
Let s(q) = q**3 - 6*q**2 - 15*q - 6. Let b be s(8). Let z be -1*1*(-10 - -81) - b. Let p = 202 + z. What is the tens digit of p?
2
Suppose 275*d - 209696 = 259*d. What is the thousands digit of d?
3
Suppose -x = -2, 23 = 5*i + x + 76. Let d(f) = f**2 + 12*f + 15. Let s be d(i). What is the units digit of s*(-1)/(-4)*8?
8
Let g(m) = 515*m - 198. What is the tens digit of g(7)?
0
Let p(a) be the first derivative of a**4/4 + 11*a**3/3 - 6*a**2 - 10*a - 40. What is the hundreds digit of p(-9)?
2
Let a be 62/403 - 23502/(-13). Suppose 4*b - 5*u - a + 111 = 0, 0 = b + 5*u - 418. What is the hundreds digit of b?
4
Suppose 38543 + 20873 = 8*r. What is the hundreds digit of r?
4
Let s = 19930 + -5884. What is the hundreds digit of s?
0
Let b be 153 + -1 - (-4 - 0). Let k be 78/((-8)/b*-3). Suppose -2*s - 3*s + k = -q, -3*s + q + 305 = 0. What is the tens digit of s?
0
Suppose -4*m - 3*v + 71275 = 0, -2*v - 88222 = -5*m + 912. What is the units digit of m?
4
Let n(p) = 2*p**2 + 23*p + 58. Let y be n(-4). What is the thousands digit of ((-2)/(-8)*y)/(9/(-23670))?
1
Let x = -54 + 200. Let g(o) = 6*o**3 - 5*o**2 + 7*o + 1. Let i be g(1). Suppose -i*u + 11*u - x = 0. What is the tens digit of u?
7
Suppose -4*m = 3*v - 15, 4*m + 2*v = 4 + 14. Let z = m - -52. What is the tens digit of z?
5
Suppose 0 = -4*t - o + 31 + 88, 0 = -4*o - 4. Let y(u) = 18*u - 285. What is the units digit of y(t)?
5
Let w(d) = -7*d**2 - 3*d + 2. Let k be w(-2). Let o be 5*4/k*2/(-2). What is the units digit of o*-2 + (-2561)/(-13)?
5
Let c(s) = 22747*s**2 - 134*s - 130. What is the thousands digit of c(-1)?
2
Suppose 142032 = 206*j - 198*j. What is the units digit of j?
4
Suppose 0 = 9*t - 2623 - 68621. Suppose 2164 + t = 20*i. What is the units digit of i?
4
What is the tens digit of 100818/5 + (80 - 60 - (-412)/(-20))?
6
Suppose -9*z - 47 = -20. Let a(o) = -22*o**3 - 5*o**2 - 15*o - 24. What is the tens digit of a(z)?
7
Let r be ((-1)/5*0)/(-4). Let p = 25 - 22. What is the hundreds digit of r/3 - (p - 5) - -125?
1
Let x = -47 - -31. Let z be (x/6)/(-4)*3. Suppose 0 = z*p - 163 - 29. What is the tens digit of p?
9
Let p(o) = o**3 - 6*o**2 + o - 4. Suppose 0 = 8*t - 9*t + 6. Let h be p(t). Suppose -h*q = -122 - 78. What is the hundreds digit of q?
1
What is the hundreds digit of 8*(-38379)/(-44) + -14?
9
Suppose -18815 = 553*y - 558*y. What is the units digit of y?
3
Suppose 4*g = -2*n - 930, 4*g + 926 - 14 = 4*n. Let q be -12 + 10 + (0 - (g + 0)). Suppose -5*h = 4 - q. What is the units digit of h?
5
Let y = -1105 - -1794. Let g = 2 + y. What is the hundreds digit of g?
6
Suppose 0 = 3*k + 2*d - 5449, -29*d = 4*k - 25*d - 7272. What is the tens digit of k?
1
Let j be 4*1 + 16/(-8). Suppose -2*q - 7*w = -j*w - 214, 3*q - 5*w = 321. What is the units digit of (-3 - -1)/((-2)/q)?
7
Suppose j = -29*j + 2